= -2*s**2 - 26*s - 46. Determine c(-9).
26
Let q(k) = -k**3 + 3*k - 7. What is q(0)?
-7
Let x(d) = d**3 - 15*d**2 - 16*d + 9. Calculate x(16).
9
Let f(o) = 5*o - 2. Determine f(-3).
-17
Let r(c) = 90*c**3 + 2*c**2 - 2. Give r(1).
90
Let h(y) = 4*y + 68. Give h(-18).
-4
Let u(n) = n**3 - 13*n**2 + 2*n - 20. What is u(13)?
6
Let h(j) = -j**3 + 13*j**2 - 14*j + 10. Calculate h(12).
-14
Let z(f) = -8*f - 4. What is z(2)?
-20
Let w(m) = -5*m**2 - m + 1. Calculate w(1).
-5
Let p(i) = -i**3 + i**2 - i + 17. What is p(0)?
17
Let l(i) = -2*i**2 + 37*i - 27. What is l(19)?
-46
Let a(t) = -t**2 + t + 8. What is a(5)?
-12
Let x(p) = 2*p**2 + 15*p - 16. Give x(-9).
11
Let b(r) = -2*r + 38. Give b(11).
16
Let g(k) = -k**2 + 12*k - 15. What is g(7)?
20
Let s(v) = 2*v**2 - 7*v - 93. Give s(-6).
21
Let n(y) = y**3 + 12*y**2 + 19*y - 9. Calculate n(-9).
63
Let i(c) = -c**3 + 5*c**2 + 8*c - 11. What is i(6)?
1
Let k(b) = b**3 - 2*b**2 - 2*b + 1. Give k(2).
-3
Let g(k) = -k**2 + 16. Calculate g(-4).
0
Let g(d) = -d**2 - 17*d + 118. Calculate g(-22).
8
Let b(k) = 5*k + 21. What is b(-10)?
-29
Let k(z) = z**3 + 8*z**2 - 5. Calculate k(-8).
-5
Let j(c) = c - 28. What is j(11)?
-17
Let z(k) = 14*k + 169. Calculate z(-15).
-41
Let d(r) = 2*r**2 - 4*r - 2. What is d(4)?
14
Let x(h) = -h**2 + 4*h - 4. What is x(3)?
-1
Let n(w) = w**2 - 9*w + 16. Give n(10).
26
Let p(f) = f**2 - 19*f + 12. Give p(18).
-6
Let q(r) = -r**3 - 4*r**2 + 4*r + 2. What is q(-5)?
7
Let o(x) = x**3 + 11*x**2 + 8*x - 13. What is o(-10)?
7
Let u(c) = -41*c**2 + 5*c - 4. Determine u(1).
-40
Let q(v) = -v**3 + 14*v**2 - v - 4. Determine q(14).
-18
Let m(q) = 5*q**2 + 32*q - 10. Give m(-7).
11
Let q(c) = -c**3 - 10*c**2 - 2*c - 8. What is q(-10)?
12
Let u(o) = -3*o**2 + 5*o - 4. Determine u(2).
-6
Let q(c) = 31*c**3 - 3*c**2 - 3*c + 1. What is q(-1)?
-30
Let w(m) = m**3 + 15*m**2 + 24*m + 4. Calculate w(-13).
30
Let i(b) = b**3 - 5*b**2. Determine i(3).
-18
Let g(h) = -h**3 - 9*h**2 + 9*h + 14. What is g(-9)?
-67
Let b(c) = -c**2 + 6*c + 1. Give b(3).
10
Let q(l) = -l**3 + 14*l**2 + 39*l - 109. Determine q(16).
3
Let t(f) = -f**2 - 17*f + 437. Give t(14).
3
Let v(b) = -b**2 + 4*b + 11. Calculate v(8).
-21
Let c(z) = -2*z**2 - 9*z - 12. Determine c(-2).
-2
Let b(f) = -f**3 - 7*f**2 - 8*f. Determine b(-6).
12
Let l(r) = 11*r - 182. What is l(17)?
5
Let y(k) = k**3 + 3*k**2 - 6*k + 4. Give y(3).
40
Let d(s) = s**2 + 8*s + 3. Calculate d(0).
3
Let q(z) = -2*z + 16. What is q(8)?
0
Let r(s) = -2*s**2 + 4*s + 9. Determine r(4).
-7
Let g(d) = -d. Calculate g(6).
-6
Let r(p) = -p**3 - 6*p**2 - 2*p + 6. Calculate r(-6).
18
Let s(w) = -w**2 - 2*w - 10. Calculate s(0).
-10
Let s(a) = -a**2 + 21*a + 195. Determine s(28).
-1
Let a(n) = -n**2 + 17*n - 40. Give a(16).
-24
Let q(r) = 2*r**2 - 14*r. Determine q(6).
-12
Let s(k) = -2*k**3 + 13*k**2 - 5*k - 8. What is s(6)?
-2
Let a(r) = r**2 + 8*r + 7. What is a(-12)?
55
Let b(f) = f**2 - 18*f + 41. Calculate b(13).
-24
Let i(l) = 42*l + 3. Give i(-2).
-81
Let t(f) = 2*f**2 - 14*f - 204. Determine t(14).
-8
Let f(u) = 15*u - 316. Give f(21).
-1
Let g(m) = 2*m**3 - 35*m**2 - 25*m + 22. What is g(18)?
-104
Let j(s) = -14*s + 1. Determine j(5).
-69
Let r(f) = f**2 - 9*f + 2. Calculate r(6).
-16
Let y(v) = v**3 + 7*v**2 - 6*v + 11. What is y(-8)?
-5
Let n(d) = -d**3 + 4*d**2 - 3*d - 7. Give n(3).
-7
Let c(x) = -15*x**3 - 1. What is c(1)?
-16
Let y(f) = f**2 + 34*f + 184. What is y(-28)?
16
Let q(z) = -z**2 + 43*z - 167. Determine q(39).
-11
Let k(v) = v**3 - 4*v**2 - 14*v + 18. Give k(6).
6
Let k(u) = u**2 + 17*u + 31. Calculate k(-13).
-21
Let m(t) = -t**3 - 5*t**2 + 24*t + 69. What is m(-7)?
-1
Let p(g) = -8*g. Determine p(-5).
40
Let i(r) = -r**3 + 7*r**2 - 6*r + 3. Determine i(4).
27
Let v(n) = n**3 - 23*n**2 - 27*n + 34. Determine v(24).
-38
Let k(s) = -s + 2. Determine k(0).
2
Let d(x) = 36*x - 142. Calculate d(4).
2
Let y(j) = -j**3 - 17*j**2 - 16*j + 9. What is y(-16)?
9
Let c(n) = n**3 + 2*n**2 + 3. Give c(-4).
-29
Let d(p) = -p**3 + 19*p**2 - 13*p - 114. Calculate d(18).
-24
Let q(d) = 3*d**2 - 5*d - 2. Calculate q(2).
0
Let v(m) = -m**2 + 7*m - 1. Determine v(5).
9
Let m(v) = -5*v**3 + v. Calculate m(-1).
4
Let z(t) = t**2 + t + 53. Calculate z(0).
53
Let o(h) = -56*h - 168. Determine o(-3).
0
Let r(y) = y + 12. Determine r(-7).
5
Let x(u) = -3*u - 3. Calculate x(-2).
3
Let k(p) = -p + 7. Determine k(-7).
14
Let j(z) = -7*z**3 + z**2 - 3*z + 4. Give j(2).
-54
Let b(l) = -l**3 + 7*l**2 + 2*l - 2. Determine b(7).
12
Let y(a) = -a**3 + 13*a**2 - 11*a + 4. Determine y(12).
16
Let u(c) = 3*c**2 - 7*c - 2. Give u(5).
38
Let j(v) = -v**3 - v**2 - 1. What is j(3)?
-37
Let a(d) = -d**2 - 10*d - 19. Determine a(-8).
-3
Let j(s) = -s + 29. Give j(9).
20
Let s(c) = -c**3 + 25*c**2 - 48*c + 57. What is s(23)?
11
Let n(v) = -v**3 + 9*v**2 - 8*v + 11. Give n(8).
11
Let f(a) = -a**3 - a. Give f(-2).
10
Let h(j) = -j**3 + 6*j**2 + 4*j + 10. What is h(7)?
-11
Let g(f) = -3*f + 44. Determine g(16).
-4
Let l(y) = -46*y. Determine l(-1).
46
Let p(k) = 2*k**2 + 9*k + 11. Give p(-2).
1
Let i(p) = 5*p - 191. Calculate i(40).
9
Let m(q) = 2*q - 10. Calculate m(6).
2
Let s(n) = 6*n + 4. Give s(2).
16
Let o(i) = i + 17. Determine o(-16).
1
Let p(z) = z**3 + 6*z**2 - 4*z - 10. What is p(-7)?
-31
Let s(o) = -o - 9. What is s(2)?
-11
Let g(z) = -z**2 - 22*z - 122. Calculate g(-13).
-5
Let a(l) = -l**2 + 13*l - 12. Determine a(11).
10
Let s(x) = 26*x**3 + x + 1. What is s(-1)?
-26
Let d(j) = -j**3 + 13*j**2 + 11*j + 48. Give d(14).
6
Let y(f) = -f**2 - 5*f + 3. Determine y(-3).
9
Let k(i) = -i**2 + 2*i - 19. Give k(-4).
-43
Let w(x) = -2*x**2 - 10*x + 34. Calculate w(-7).
6
Let o(z) = -4*z**2 + 5*z + 6. What is o(-2)?
-20
Let v(t) = -2*t**2 + 42*t + 42. What is v(24)?
-102
Let v(r) = 5*r + 69. Give v(-15).
-6
Let i(t) = -4*t**2 - 21*t + 13. Give i(-7).
-36
Let f(o) = o**2 - 4*o + 1. Determine f(0).
1
Let u(x) = -2*x + 24. Calculate u(9).
6
Let r(a) = 13*a + 208. Give r(-17).
-13
Let u(w) = -w**2 + 6*w + 33. Calculate u(8).
17
Let f(m) = 42*m**3 - 2*m**2 + 1. Determine f(1).
41
Let r(f) = -f + 4. Give r(5).
-1
Let y(w) = -w + 4. Give y(8).
-4
Let m(h) = h - 19. What is m(-13)?
-32
Let q(i) = -89*i + 446. Calculate q(5).
1
Let f(t) = -t**3 - 13*t**2 - 45*t + 12. Calculate f(-7).
33
Let l(v) = v**2 + 29*v - 20. Give l(-29).
-20
Let b(x) = -2*x - 96. Calculate b(-29).
-38
Let b(w) = w**2 - 19*w - 25. What is b(21)?
17
Let b(i) = i**2 + 11*i + 27. Determine b(-13).
53
Let m(i) = i**2 - 14*i - 27. What is m(14)?
-27
Let y(b) = -b**3 + 11*b**2 + 14*b - 31. Determine y(12).
-7
Let k(p) = p**2 + 3*p + 1. Determine k(-4).
5
Let j(i) = -12*i**2. Give j(-1).
-12
Let f(a) = 5*a**3 - a**2 + 4*a + 4. Determine f(-1).
-6
Let a(s) = s**3 - 10*s**2 + 21*s - 41. Determine a(8).
-1
Let u(l) = l**2 + 10*l - 2. Determine u(0).
-2
Let z(l) = l + 3. Determine z(-5).
-2
Let v(i) = i**2 + i. What is v(-1)?
0
Let c(t) = t**3 - 9*t**2 - 8*t - 11. Give c(10).
9
Let g(b) = -80*b - 795. What is g(-10)?
5
Let v(p) = p**3 - p**2 - 18*p - 3. Determine v(5).
7
Let j(m) = 8*m + 34. What is j(-5)?
-6
Let c(m) = 3*m**2 - 3*m - 1. Give c(-2).
17
Let a(l) = -2*l**2 + 22*l - 17. What is a(8)?
31
Let n(s) = -s**2 + 18*s - 67. Give n(11).
10
Let o(h) = h**3 - 8*h**2 + 6*h + 10. Calculate o(7).
3
Let a(r) = -16*r - 3. What is a(-3)?
45
Let v(i) = i**3 + 10*i**2 + 19*i + 17. Give v(-8).
-7
Let m(r) = r**3 + 16*r**2 + 37*r - 12. What is m(-13)?
14
Let b(i) = -11*i**2 + 2*i + 3. Give b(-2).
-45
Let m(n) = 4*n + 82. Calculate m(5).
102
Let k(t) = t**3 + 12*t**2 - 27*t + 13. Calculate k(-14).
-1
Let t(k) = k**3 - 5*k**2 - k + 8. Calculate t(6).
38
Let b(n) = -23*n + 49. Determine b(5).
-66
Let c(j) = j**3 - 16*j**2 - 13*j - 41. Determine c(17).
27
Let s(o) = o**3 - 9*o**2 - 9*o - 34. Give s(10).
-24
Let b(u) = -2*u**3 + 121*u**2 - 59*u - 81. Determine b(60).
-21
Let h(s) = s**3 + 6*s**2 + 7*s + 8. What is h(-6)?
-34
Let w(k) = -k**3 - 5*k**2 + 2*k + 5. Calculate w(-6).
29
Let s(a) = 2*a - 6. Calculate s(2).
-2
Let l(z) = -z**2 + 4*z + 1. What is l(4)?
1
Let h(w) = 5*w - 19. What is h(3)?
-4
Let a(f) = 4*f**2 - 3*f - 3. Give a(-1).
4
Let s(l) = -l**3 + 14*l**2 - 10*l - 31. What is s(13)?
8
Let c(b) = -4*b - 17. What is c(-4)?
-1
Let k(s